+ -1017?
-1515
In base 13, what is -36403 + -3?
-36406
In base 13, what is -39548 + -4?
-3954c
In base 4, what is 22000131 + 10?
22000201
In base 15, what is -19 + 270b?
26e2
In base 4, what is -131 + -31321301?
-31322032
In base 12, what is 4 - 4b3105?
-4b3101
In base 6, what is 35 - -53512?
53551
In base 13, what is 367b2 - -5?
367b7
In base 15, what is 2 + -4a486?
-4a484
In base 14, what is 2 - 5984?
-5982
In base 14, what is -d8c064 + 0?
-d8c064
In base 7, what is 24 + 31056?
31113
In base 16, what is -17dc8d - -2?
-17dc8b
In base 4, what is -2 - 2202122?
-2202130
In base 15, what is -1 - 3eb55?
-3eb56
In base 3, what is -102002222 - -12?
-102002210
In base 16, what is -24 - 87?
-ab
In base 15, what is -203c + -c?
-2049
In base 15, what is 4bab - -4?
4bb0
In base 16, what is -3c13 - -f?
-3c04
In base 6, what is -1 + 34022445?
34022444
In base 4, what is 3012311 + 332?
3013303
In base 9, what is -1154 + 161?
-883
In base 5, what is -1003042 - -2?
-1003040
In base 2, what is -101 - -10101000001101111001?
10101000001101110100
In base 10, what is 17966 - 106?
17860
In base 4, what is 231223 - -103332?
1001221
In base 2, what is 10011111 + 101000011?
111100010
In base 2, what is 11100000101001110111 + 0?
11100000101001110111
In base 12, what is -652825 + -2?
-652827
In base 16, what is 3f - 3212?
-31d3
In base 11, what is 95431 - -3?
95434
In base 9, what is -5 + 113340?
113334
In base 10, what is 11 + 22699?
22710
In base 12, what is 35 - -10b1b?
10b54
In base 14, what is -3811 + bd?
-3732
In base 16, what is -506ab - 2?
-506ad
In base 6, what is -3 + -12130135?
-12130142
In base 8, what is -16546 - -26?
-16520
In base 9, what is 70182 + -4?
70177
In base 13, what is 63a48 - -2?
63a4a
In base 4, what is 1331 - -33001?
100332
In base 16, what is -411 - -5b?
-3b6
In base 2, what is 10 + 11010000101?
11010000111
In base 12, what is -375 + 2?
-373
In base 4, what is 3110320 + 11?
3110331
In base 13, what is 59 + -5?
54
In base 4, what is 2 + 12013122?
12013130
In base 3, what is -110111112202 + 102?
-110111112100
In base 16, what is -34 + dc9?
d95
In base 6, what is -3502041 + 21?
-3502020
In base 8, what is 3031 + 46?
3077
In base 2, what is 1011101100 - 11111110?
111101110
In base 12, what is 118 + -13a?
-22
In base 3, what is -22 - 10222220020?
-10222220112
In base 16, what is 1fa + -21?
1d9
In base 9, what is -10 - -104868?
104858
In base 2, what is -1 + 1111011000?
1111010111
In base 13, what is -3349 - 6?
-3352
In base 13, what is -24 - -8b?
67
In base 14, what is 65 - d38?
-cb3
In base 9, what is 1 - -10174?
10175
In base 2, what is -1011101010100001 - -11?
-1011101010011110
In base 7, what is -125 + -40?
-165
In base 2, what is 11100011000000001 - 10?
11100010111111111
In base 2, what is 0 - -10010010100001001?
10010010100001001
In base 14, what is -5 + 4cd9?
4cd4
In base 5, what is 4 + -241410?
-241401
In base 10, what is 17 - -14871?
14888
In base 15, what is -4 + -97d8a?
-97d8e
In base 11, what is 84 + 12324?
123a8
In base 12, what is 3329 - 1?
3328
In base 6, what is 1 + -343113?
-343112
In base 12, what is -1 + -25275a?
-25275b
In base 4, what is 3 + -332110121?
-332110112
In base 13, what is -7192 - -13?
-717c
In base 15, what is 1e20b - -5?
1e211
In base 14, what is -6b - 65d?
-6ca
In base 10, what is -35484 - -2?
-35482
In base 15, what is 122c + a?
1237
In base 4, what is -210032 + -1333?
-212031
In base 9, what is 1358 - -672?
2141
In base 14, what is 34 - -75?
a9
In base 14, what is 1d + 1007?
1026
In base 8, what is -3 + -46066?
-46071
In base 12, what is 4 - 15610?
-15608
In base 2, what is -10101001110001010110 - 0?
-10101001110001010110
In base 2, what is 111010 + -10001001100?
-10000010010
In base 3, what is 201002 - -1102222?
2011001
In base 4, what is 10032 + -1101202?
-1031110
In base 11, what is -4a936 - -1?
-4a935
In base 12, what is -5 + 3305?
3300
In base 4, what is -12221020 + 10?
-12221010
In base 7, what is -26050 + 122?
-25625
In base 8, what is 773 + 3353?
4346
In base 14, what is 5 - -1a9d14?
1a9d19
In base 4, what is 2320033230 + -22?
2320033202
In base 9, what is -16 - -24778?
24762
In base 7, what is 35 + 11355?
11423
In base 6, what is -2 + 1140505?
1140503
In base 7, what is -4 - 16605?
-16612
In base 12, what is -17 + -4321?
-4338
In base 9, what is 61 - 1514?
-1443
In base 2, what is -10010 + 1000101?
110011
In base 15, what is -146 + 30d?
1b7
In base 12, what is -35799 - 1?
-3579a
In base 13, what is 4 + 5b54?
5b58
In base 16, what is 756 + -c?
74a
In base 4, what is -22312213 + -31?
-22312310
In base 16, what is f17 - -51?
f68
In base 10, what is 2936 + 87?
3023
In base 9, what is -150387 - 5?
-150403
In base 14, what is 15a - -3bc?
538
In base 7, what is 31603 + -1?
31602
In base 13, what is -5 - -7270?
7268
In base 16, what is -68da6 - -7?
-68d9f
In base 3, what is -2 + -1000210112002?
-1000210112011
In base 11, what is -1 - 25340?
-25341
In base 11, what is 10 + 344a12?
344a22
In base 14, what is -1 - 207917?
-207918
In base 3, what is -120 + -12210002?
-12210122
In base 9, what is 0 - 1266620?
-1266620
In base 6, what is -10554 - -1315?
-5235
In base 11, what is 18626 - -3?
18629
In base 7, what is -1566301 - 5?
-1566306
In base 4, what is -11 + -1113003?
-1113020
In base 8, what is 112 - 1275?
-1163
In base 4, what is -1020110112 + 21?
-1020110031
In base 16, what is 9bfa + -9?
9bf1
In base 5, what is 1 + 304200?
304201
In base 2, what is -1 - -10111101111000?
10111101110111
In base 10, what is -13 - -9412?
9399
In base 7, what is 20601 + 1126?
22030
In base 13, what is -5 - 453cb?
-45403
In base 16, what is -112e9f + 3?
-112e9c
In base 13, what is 18 + 93b6?
9401
In base 13, what is -5 - 16083?
-16088
In base 15, what is d + -68b?
-67d
In base 4, what is -2 - 123312121?
-123312123
In base 12, what is 4 - -2311?
2315
In base 16, what is 2d0e0e - -2?
2d0e10
In base 14, what is 6 - -2053?
2059
In base 5, what is 2121400010 + 1?
2121400011
In base 11, what is 3268a4 + 0?
3268a4
In base 8, what is 101 + 204252?
204353
In base 16, what is 1d34 + -9?
1d2b
In base 7, what is -2 + -3133452?
-3133454
In base 5, what is 41 - -310342?
310433
In base 5, what is -2 - -44213202?
44213200
In base 2, what is -101 - -1110111000110011?
1110111000101110
In base 4, what is -2213 - 1100?
-3313
In base 16, what is 2 + 1304?
1306
In base 3, what is 2202 - -20201?
100110
In base 6, what is 15104 + 33?
15141
In base 14, what is 7c53 + -77?
7bba
In base 12, what is 253 - 76b?
-518
In base 2, what is 111001010100 - -110010?
111010000110
In base 9, what is 6220 + 8?
6228
In base 6, what is -103 + 2251422?
2251315
In base 14, what is -14a0a - 1?
-14a0b
In base 10, what is -3211831 + -1?
-3211832
In base 6, what is 2 + 501123?
501125
In base 9, what is 14 - 10204?
-10180
In base 2, what is -1001 - -10011110111001?
10011110110000
In base 14, what is -25a + 1a?
-240
In base 3, what is -1110 + 10222100?
10220220
In base 4, what is 13233 - -11?
13310
In base 8, what is 13312502 - -2?
13312504
In base 4, what is 2321 - 10313?
-1332
In base 6, what is 2445142 - 0?
2445142
In base 6, what is 1 + 444441?
444442
In base 15, what is -5 - -42de?
42d9
In base 13, what is 3 - 64b5?
-64b2
In base 5, what is -4 - 11101344?
-11101403
In base 7, what is 121 + -113453?
-113332
In base 13, what is -5873 - 1b?
-5891
In base 12, what is 7 + -26890?
-26885
In base 7, what is -10 - -104601?
104561
In base 11, what is 138791 - 1?
138790
In base 9, what is -1278 - 3437?
-4726
In base 4, what is 13303331132 - -11?
13303331203
In base 16, what is -646 + 3?
-643
In base 10, what is -78 + -1556?
-1634
In base 11, what is 3642 + 92?
3724
In base 15, what is 2814 + -d?
2806
In base 4, what is -100033 + -112?
-100211
In base 10, what is 2 + 920340?
920342
In base 14, what is 4 - -1d1d?
1d23
In base 3, what is 111001012 + 1?
111001020
In base 12, what is 176 + -1a65?
-18ab
In base 13, what is -a702 - 4?
-a706
In base 4, what is -30 + 10333122?
10333032
In base 8, what is 656 + -40?
616
In base 2, what is -10110001010011001 - -10?
-10110001010010111
In base 6, what is 2 - -11424131?
11424133
In base 12, what is -4 - -a5497?
a5493
In base 7, what is -216 - 1052?
-1301
In base 10, what is -73 + -11920?
-11993
In base 6, what is 0 + 1205454?
1205454
In base 